-2 - 0) + (2 - 2).
-2
What is the value of 1 - ((-8 - -6) + 5 + 1)?
-3
What is the value of 2 - (-11 - (7 - 11))?
9
Calculate (-4 - 0) + 5 + (19 - 20).
0
Calculate 10 - (-3 + -1) - 23.
-9
What is 18 + 0 - 8 - 4?
6
Calculate (2 - (-3 + 0)) + (-7 - -1).
-1
(3 - (-9 - -4)) + -4
4
What is 9 - (4 + (1 - 4 - -4))?
4
What is 0 + (0 - ((-3 - 2) + 2))?
3
What is (-14 - -4) + (4 - (0 + -1))?
-5
(4 - (-1 + 0 - 0)) + -7
-2
Calculate -5 - (-2 - (2 + -1) - -5).
-7
Evaluate 7 + (-1 - (4 - 0)).
2
What is the value of (0 - (1 + -3)) + 2?
4
Calculate -33 - -38 - (6 - 0).
-1
Calculate 2 + -2 + -1 - 4.
-5
Calculate (-9 - -10) + -5 - -7.
3
What is the value of 4 - (2 + (6 - 4))?
0
What is (-10 - ((-6 - -15) + -7)) + 7?
-5
What is the value of 6 - (-3 - (-3 + -3 + 0))?
3
What is -3 + (9 - (6 - -3))?
-3
What is 6 - (9 - (-6 - -7))?
-2
Calculate (-10 - -7) + 1 - (-5 + 1).
2
What is the value of 2 + -1 + 3 + -6?
-2
What is the value of (-1 - 1) + 1 + 2?
1
Calculate -6 - -5 - (-3 + -5).
7
What is -21 + 24 + -1 + -5 + 1?
-2
Calculate 0 + (0 + 1 - (-1 - -4)).
-2
What is -4 - 7 - (3 + -9)?
-5
What is the value of -2 - -14 - (98 + -94)?
8
Evaluate 1 + -9 + 9 - 2.
-1
What is the value of 9 + 0 - (5 - -3)?
1
Evaluate -4 - (-1 + 1) - (5 + -3).
-6
-12 + 11 - (0 + (1 - 9))
7
Evaluate -1 - 1 - (0 - 2) - 5.
-5
(5 - (7 + -3)) + -8 + 2
-5
What is the value of -6 + 21 + -3 + 11 + -16?
7
What is the value of 6 + 3 + -6 + -3 - 7?
-7
1 + 3 - (-9 + 3)
10
What is 13 + -20 - (-12 + 6)?
-1
Evaluate -2 + (7 + 1 - 7).
-1
Evaluate (-16 - -14) + (4 - 2).
0
What is the value of 7 + 4 + -8 + 1?
4
What is (5 + -4 - 5 - -9) + -5?
0
What is -2 + 2 + -7 + 2?
-5
What is the value of 8 + (10 - 15) + (1 - 0)?
4
What is -1 + -3 - (3 + -13)?
6
What is -3 + 6 - 7 - (-31 - -27)?
0
What is -3 + (-3 - -10) - 3?
1
Evaluate (4 + -1 - (9 - 3)) + -2.
-5
7 + -5 + -3 + 8
7
What is the value of (-9 - -1) + 11 + -6 + 1?
-2
What is the value of -1 + -4 + 3 + -1 + -5?
-8
What is (-1 + 3 - 0) + 69 + -68?
3
Calculate -1 - -4 - (-2 + 5).
0
What is 11 - (2 + 6) - 9?
-6
Calculate 2 + (9 + -7 - (0 + -1)).
5
Calculate -6 + (3 - (4 + -5)).
-2
What is the value of 5 + (-4 - -6) + -6?
1
What is (-7 + 4 - -3) + 6?
6
Evaluate 23 + -21 - (3 + -1).
0
(-10 - (-4 + -1)) + (-10 - -16)
1
What is 8 + -2 + -5 - 6?
-5
What is -5 + (6 - 4) - (-8 - -1)?
4
6 - (9 - 6) - 4
-1
What is 2 + (5 - 6) + (2 - -5)?
8
Calculate -6 - (-1 + 2 + -5).
-2
What is 9 + (8 + -19 - -4)?
2
Evaluate (-5 - -3) + 2 + -5.
-5
What is the value of (-8 - (-4 + 2) - 2) + 7?
-1
2 - (4 - 6 - -6)
-2
Evaluate (0 - (3 + -2)) + -1 - 0.
-2
What is the value of -2 + (-3 - 3) + 4?
-4
What is (1 - 0) + 1 - (32 - 29)?
-1
What is the value of -8 + -3 + 15 + -6 + -1?
-3
Evaluate -9 + (3 + 5 - 7).
-8
-4 + (-2 - -6) + 0 + 3
3
What is the value of 2 + -21 + 12 + (2 - -2)?
-3
3 - (0 + -1 + (0 - 1))
5
Calculate 14 + -10 + 4 + -3.
5
Calculate -1 + -1 - (11 + -13).
0
What is (-4 - 1 - 4) + 2 - 0?
-7
-3 + (-5 - -4 - (0 - -1))
-5
What is the value of 5 + (1 - 5) + -5 + 1?
-3
-3 - -6 - (0 + -3 + 5)
1
Calculate (-170 - -181) + (-1 - 6).
4
Evaluate 2 + 0 - (0 + -4 - -6).
0
What is -6 + (-1 - (0 - (7 + -5)))?
-5
Evaluate -6 - ((-3 - 4) + (-3 - -7)).
-3
Calculate 1 + (-4 + 9 - -1).
7
What is -1 - (4 + 1) - -7?
1
What is 0 + 4 + -7 - -5?
2
Evaluate -5 - (-4 - 0) - -5.
4
Evaluate (-5 + 5 - 0) + (4 - 2).
2
-3 + (7 - 7) + 1 + 1
-1
What is -2 + -2 - (-2 - 1)?
-1
Calculate -9 - (5 - 4 - 10).
0
Calculate -10 - (-7 + 1 - (8 - 6)).
-2
What is the value of 4 - (-3 + 0 + 6)?
1
Evaluate (-3 - (2 - 7)) + 1 + 1.
4
Evaluate 2 + (5 - 5) + -5 + 5.
2
Calculate 4 + (6 - 1) + -19 - -5.
-5
-7 + (7 - -2) - 4
-2
1 - ((3 - 5 - -3) + -3)
3
-8 - (-4 + 1 - -9 - 11)
-3
What is -5 + 12 - (4 - (-2 + 5))?
6
What is 0 + 4 - (6 + -2)?
0
Calculate -12 - -8 - (-1 + (7 - 5)).
-5
1 - 7 - (-14 - -1) - 16
-9
Evaluate 2 + (-4 - -1 - (-26 - -24)).
1
What is 5 - (-9 - (-2 - 5))?
7
-5 - (-6 + -1 + 3 + -7)
6
What is the value of 20 - 16 - (4 - -2)?
-2
Calculate -1 + (-9 + 3 - (0 + -4)).
-3
Evaluate (-12 + 2 - -10) + 3.
3
(4 - 5 - -1) + -3
-3
What is the value of -2 - ((-3 - (2 + -7)) + -1)?
-3
What is the value of 1 + (6 + -5 - 5)?
-3
Evaluate 5 + (3 - (0 - -4)).
4
Evaluate 4 + -5 + 1 + -4 - -8.
4
What is the value of 8 - (3 + 8) - 4?
-7
Evaluate -4 + (4 - 6) + 1.
-5
Calculate 6 - (-5 + 3 - -7).
1
Evaluate (-2 - -2) + 6 - (7 - 6).
5
What is the value of 10 + -8 - (2 + 1 + -2)?
1
Evaluate 0 - -3 - (-7 - (2 + -10)).
2
What is -1 + 9 - (52 - 40) - 6?
-10
(2 + 3 - 5) + 3 + 1
4
What is the value of 4 - 4 - (2 + 0)?
-2
-7 + (28 - 10) - 3
8
What is the value of -3 + 2 + 0 + 1?
0
What is -2 - 3 - (-5 + 3)?
-3
2 - 6 - (1 - 0)
-5
What is (2 - 3) + -1 - -9?
7
-21 - -21 - (3 + -1 + 1)
-3
-1 - -5 - (34 - 36)
6
(1 - 1 - -2) + (1 - 2)
1
What is the value of 4 + (-1 - -2) + 0 + -3?
2
Evaluate 2 + 1 + (0 - 1).
2
Evaluate -1 - (3 + -4 - -2).
-2
What is -1 + -9 + 1 + (48 - 42)?
-3
Evaluate 5 + 0 + (48 - 55).
-2
0 + (-7 - -5) + 2
0
What is the value of (7 - (1 - 4 - -4)) + -4?
2
What is 2 - (6 - 11 - -8)?
-1
Calculate -5 + -5 - -18 - 14.
-6
What is -5 + (4 - (-8 - -15) - -7)?
-1
What is (-8 - (-8 + 4)) + 8?
4
Calculate (3 - -3) + -5 + -1 - -4.
4
Calculate 2 + 11 + 8 + -11.
10
Evaluate (3 - 6 - 1) + -1 - -4.
-1
Evaluate -2 + (-1 - -2) + -1.
-2
-1 - -6 - (-4 + 4)
5
Evaluate 0 + (0 - 4) - -8.
4
What is the value of -4 + 4 + -3 - -1?
-2
Calculate (-4 - (-4 - 2)) + -3.
-1
Calculate 1 + (-6 - -6) - (1 - 0).
0
What is the value of (-32 - -38) + (0 - 11)?
-5
Calculate -16 + 7 + -3 + 5.
-7
-10 + 10 - (2 - 0)
-2
Calculate 2 - -1 - 8 - -4 - 2.
-3
What is (-3 + 2 - -1) + 8?
8
Calculate -4 - -2 - (-3 - 1 - 1).
3
3 + (5 - (12 - 7))
3
Calculate -2 + 6 + (4 - 3) + -5.
0
What is 4 - 0 - 3 - 3?
-2
Calculate -5 + (10 - (-1 - -2)).
4
What is -6 + 3 - (17 + -22)?
2
Evaluate 4 + (-1 - 7) + (10 - 10).
-4
Evaluate -1 + 0 + 0 - 3.
-4
What is 2 - 1 - (2 - (7 - 1))?
5
What is (-2 - 0) + 3 + (-10 - -11)?
2
What is the value of -4 - (1 + 1) - -1?
-5
-2 - -1 - 5 - -6
0
(5 - 2) + -34 + 34
3
What is the value of (4 + -1 - (0 - -6)) + 8?
5
Evaluate -6 + 0 + (13 - 9) + 0.
-2
-4 - 4 - -7 - -7
6
Evaluate 4 + (0 + -9 - (11 - 9)).
-7
What is the value of 4 + -4 + (-6 - -3)?
-3
Evaluate 30 + -33 + -1 + -1.
-5
Calculate -6 + -2 + 2 - (3 - 2).
-7
What is the value of -6 + 1 + (7 + -13 - -11)?
0
Evaluate 1 + -7 + -3 + 6.
-3
(-1 - 1) + 6 - -1
5
Evaluate 2 + -1 + 3 + -3.
1
Calculate 2 + (4 - (10 - -2)) + 4.
-2
Evaluate 2 - (-2 - (-5 - (-4 - -2))).
1
What is the value of -4 - (-2 + -5 + 4)?
-1
What is -5 + (-6 - 9 - -16)?
-4
4 + -3 - -12 - 7
6
Calculate 7 + (-4 - -9 - 9).
3
Calculate (-8 - (-7 + -2)) + 6.
7
What is 0 - (4 + -13 + 4 + -3)?
8
Evaluate (0 - (23 - 10)) + 8.
-5
1 + -5 - (33 + -34)
-3
Calculate -1 - 4 - (0 - (-2 - -2)).
-5
What is (-2 - (0 + -5 + 5)) + -2?
-4
Evaluate 5 + -28 + 13 - -16.
6
What is the value of 0 + (1 - 11) + (26 - 21)?
-5
What is -2 - (0 - -1 - 4)?
1
Calculate -2 - (6 + -3 - 4).
-1
What is 2 - (2 - (0 - 1 - 1))?
-2
What is the value of -6 - 1 - (-5 - (3 - 5))?
-4
What is the value of -3 + 11 + -9 + 3?
2
Calculate 0 + -1 - (-6 - (-4 - -4)).
5
What is the value of -8 - (1 + 7 + -6 - 7)?
-3
Evaluate (11 - 5 - (2 - -3)) + 0.
1
1 + 4 + 0 + (5 - 6)
4
What is 20 + (4 - 6) + -11?
7
-8 + (1 - 9) - -9
-7
What is the value of 3 + 3 - (14 - 3)?
-5
-4 - (-3 + 4 + -1)
-4
What is the value of (7 - (0 - -1)) + -1 + -3?
2
What is the value of -2 + 4 - (0 + 7) - -8?
3
Calculate -12 + ((-2 - -3) + -4 - -11).
-4
What is -13 + (7 - 11 - -10)?
-7
What is the value of -6 + (9 - 1 - (-21 + 25))?
-2
What is the value of (3 - 0 - -1 - 4) + 5?
5
What is the value of 3 - (-10 + 3 - -10)?
0
Calculate 2 + -14 + (4 - (6 + -7)).
-7
What is the value of 11 + -6 - 3 - (-1 + 2)?
1
Calculate 0 + 1 + -2 + 4.
3
Calculate -7 - ((-4 - -3) + 0).
-6
What is -1 - 1 - (57 - 61) - -3?
5
What is -17 + 27 + -15 + -1 + 11?
5
-7 + (-6 - -6) + 14
7
Calculate -2 - (0 - (-6 + 3)).
-5
What is the value of -5 + 2 - (10 + -6 + -6)?
-1
What is 4 - 2 - (30 - 26)?
-2
Evaluate -2 + 3 + (0 + -3 - -3).
1
Evaluate 9 + -18 + 10 - -3.
4
What is the value of -2 - (3 + 4 + -4)?
-5
What is the value of 0 + 1 + (-17 - -17)?
1
What is the value of 0 + -2 - (1 - -1 - 3)?
-1
Evaluate 123 - 130 - (0 - -1 - 4).
-4
2 - -2 - -3 - 4
3
Calculate